53. Calculate m(20).
27
Let n(o) = 2*o**3 - 17*o**2 + 10*o - 16. Determine n(8).
0
Let q(o) = -o**3 - 3*o**2 - 5*o - 3. Determine q(-2).
3
Let v(j) = 13*j + 13. Give v(-1).
0
Let s(m) = 2*m**2 - 3*m - 4. Calculate s(5).
31
Let f(d) = -5*d**2. Give f(1).
-5
Let g(b) = -3*b + 41. Calculate g(12).
5
Let o(z) = 3*z + 1. What is o(-3)?
-8
Let j(x) = -x**2 + 10*x + 605. Determine j(-20).
5
Let s(q) = -2*q**3 - 81*q**2 + 40*q - 53. Determine s(-41).
-12
Let h(p) = p + 7. Give h(5).
12
Let b(a) = -a**3 - 7*a**2 - 7*a - 7. Give b(-7).
42
Let p(l) = -7*l + 2. Calculate p(1).
-5
Let p(l) = l - 7. Give p(17).
10
Let g(l) = l**3 + 7*l**2 - l - 13. Determine g(-7).
-6
Let i(w) = 99*w - 382. Determine i(4).
14
Let n(h) = h**2 + 5*h. Calculate n(-4).
-4
Let c(f) = -5*f - 3. What is c(6)?
-33
Let x(d) = 2*d**2 - 3*d. What is x(2)?
2
Let q(c) = -c**3 + 2*c**2 + 3*c + 18. Determine q(0).
18
Let q(a) = a**2 - 17*a - 42. Determine q(19).
-4
Let l(n) = 8*n - 3. Give l(2).
13
Let w(h) = -12*h + 14. Determine w(-6).
86
Let u(q) = -66*q - 613. Calculate u(-9).
-19
Let n(u) = -4*u - 30. Give n(-9).
6
Let f(y) = -3*y**2 + 5*y + 4. Determine f(4).
-24
Let i(m) = -m**2 + 29*m - 196. Give i(10).
-6
Let h(a) = 7*a + 12. Calculate h(-6).
-30
Let m(j) = j**3 + 5*j**2 + 5*j + 5. Calculate m(-4).
1
Let u(n) = -n**3 - 5*n**2 + 5*n - 4. What is u(-6)?
2
Let z(j) = j**3 - 43*j**2 - 89*j - 42. Calculate z(45).
3
Let s(v) = -v - 3. Determine s(-8).
5
Let s(d) = d**3 + 6*d**2 + d - 1. Give s(-6).
-7
Let t(o) = o**3 + 5*o**2 + 4*o + 14. Give t(-3).
20
Let o(s) = -4*s + 55. Give o(17).
-13
Let t(z) = -2*z**2 + z + 32. What is t(-4)?
-4
Let h(x) = 10*x**3 + x**2 + x + 1. Calculate h(-1).
-9
Let s(w) = 6*w - 2. Calculate s(-1).
-8
Let l(j) = j**2 - 18*j + 29. Determine l(16).
-3
Let i(j) = 2*j + 33. Give i(0).
33
Let l(s) = -7*s**3 - 2*s**2 - 2*s + 1. Give l(2).
-67
Let m(z) = -3*z**3 + 31*z**2 - 8*z - 21. Calculate m(10).
-1
Let h(g) = 8*g + 65. What is h(0)?
65
Let f(l) = -3*l**2 + 60*l + 65. Give f(21).
2
Let f(a) = -72*a + 507. Calculate f(7).
3
Let z(x) = x**2 - 6*x + 10. Calculate z(8).
26
Let c(o) = o**2 - 6*o - 105. What is c(14)?
7
Let r(i) = -i**3 + 13*i**2 + i - 21. Give r(13).
-8
Let p(v) = -v**3 + 9*v**2 - 12*v + 12. Determine p(8).
-20
Let p(m) = -m**2 + 11*m + 17. Determine p(13).
-9
Let f(p) = -p**2 + 8*p - 11. Determine f(8).
-11
Let q(r) = -2*r. Determine q(1).
-2
Let w(k) = 12*k + 4. Give w(-1).
-8
Let j(v) = -v**3 + 16*v**2 + 17*v + 15. What is j(17)?
15
Let z(p) = -p**3 - 4*p + 5. What is z(2)?
-11
Let n(j) = j**2 + 14*j - 82. Give n(-20).
38
Let h(p) = 4*p - 178. Calculate h(0).
-178
Let g(s) = -s**2 - s + 3. Calculate g(0).
3
Let i(x) = -x**2 + 15*x + 6. Calculate i(15).
6
Let j(i) = 2*i**3 - 23*i**2 + 42*i - 120. Give j(10).
0
Let i(l) = 9*l**2 + 3*l - 3. What is i(-2)?
27
Let y(v) = -24*v**3 - 1. Determine y(1).
-25
Let u(n) = 2*n**2 - 34*n + 65. What is u(15)?
5
Let i(v) = 165*v + 651. Determine i(-4).
-9
Let d(m) = m**3 + 5*m**2. What is d(-5)?
0
Let b(k) = -3*k + 8. What is b(-4)?
20
Let w(c) = -c + 36. Give w(-6).
42
Let f(z) = -z - 1. Determine f(-10).
9
Let x(g) = 3*g - 12. Give x(23).
57
Let r(v) = -v - 34. What is r(17)?
-51
Let u(l) = -l**2 + 15*l + 279. Give u(-11).
-7
Let v(m) = -15*m + 538. Calculate v(36).
-2
Let m(z) = z - 19. Determine m(0).
-19
Let f(y) = 5*y - 25. Determine f(6).
5
Let x(k) = 9*k + 4. Calculate x(-2).
-14
Let y(d) = d**3 + 7*d**2 - 8*d + 5. What is y(-8)?
5
Let g(j) = 10*j + 42. Calculate g(-4).
2
Let r(f) = -f**3 + 8*f**2 + 2*f - 25. What is r(8)?
-9
Let d(h) = -h**2 - 18. What is d(6)?
-54
Let j(b) = b**3 + 12*b**2 + b - 6. What is j(-12)?
-18
Let r(x) = 22*x + 327. Calculate r(-15).
-3
Let y(c) = -c**2 - 3*c + 37. Calculate y(-11).
-51
Let g(d) = 22*d - 4. Calculate g(5).
106
Let d(q) = -q**2 + 3*q - 3. Determine d(2).
-1
Let b(n) = n**2 + 13*n + 47. Determine b(-11).
25
Let l(t) = -t**3 + 32*t**2 - 31*t + 7. Determine l(31).
7
Let h(a) = -a**2 + 8*a + 7. What is h(9)?
-2
Let v(b) = -6*b**2 + 11*b + 5. Give v(3).
-16
Let r(n) = -n**3 - 27*n**2 + 30*n + 51. Determine r(-28).
-5
Let a(o) = 7*o - 10. What is a(5)?
25
Let l(m) = -m - 6. Calculate l(-7).
1
Let r(d) = -2*d - 7. What is r(-3)?
-1
Let o(n) = n**2 - n - 18. Give o(-8).
54
Let c(b) = 17*b + 74. Determine c(-5).
-11
Let i(v) = -v**2 - 3*v + 12. What is i(-5)?
2
Let v(o) = -o**3 - 10*o**2 + 10*o - 27. Determine v(-11).
-16
Let j(h) = h**3 - 8*h**2 + 5*h - 4. Determine j(7).
-18
Let r(j) = j**2 + 6*j - 30. Determine r(3).
-3
Let d(a) = -4*a**3 + 5*a. What is d(3)?
-93
Let m(o) = o**3 + 5*o**2 - 9*o + 11. Determine m(-6).
29
Let c(j) = 24*j**2 - 1. Determine c(-1).
23
Let l(h) = h**3 - 8*h**2 + 3*h + 64. What is l(6)?
10
Let v(h) = -13*h + 72. Calculate v(11).
-71
Let i(j) = -j**3 + 4*j**2 - 6*j + 9. What is i(3)?
0
Let r(f) = 17*f**3 + f. Give r(-1).
-18
Let c(o) = -o**3 - 10*o**2 - 11*o + 2. Determine c(-9).
20
Let u(n) = -n**3 + 4*n**2 + 7*n + 5. What is u(6)?
-25
Let a(l) = -2*l**2 + 4*l - 4. Determine a(-3).
-34
Let x(h) = 3*h - 50. What is x(6)?
-32
Let f(b) = -133*b - 134. Give f(-1).
-1
Let s(g) = 9*g**2 + 71*g. Calculate s(-8).
8
Let o(n) = 2*n + 1. Calculate o(7).
15
Let u(z) = 6*z - 17. What is u(-7)?
-59
Let h(t) = -2*t - 6. Give h(5).
-16
Let o(g) = -g**3 - g**2 + 4*g + 125. Calculate o(0).
125
Let f(h) = -11*h + 260. Calculate f(24).
-4
Let u(y) = -2*y - 5. What is u(-3)?
1
Let d(o) = -o**3 - 21*o**2 + 23*o + 21. Give d(-22).
-1
Let p(x) = 7*x - 4. What is p(6)?
38
Let u(i) = -i**2 + 17*i - 10. What is u(17)?
-10
Let k(c) = 2*c**3 - 4*c**2 + 2*c + 1. What is k(0)?
1
Let z(j) = 25*j - 1366. What is z(55)?
9
Let q(t) = 24*t - 554. What is q(23)?
-2
Let w(j) = 7*j + 110. What is w(-15)?
5
Let c(z) = -z - 12. What is c(-15)?
3
Let m(z) = -z**2 + 8*z - 4. Determine m(6).
8
Let d(b) = -5*b - 8. Give d(-3).
7
Let f(d) = 14*d**2 + 10*d + 9. What is f(-1)?
13
Let z(m) = -142*m + 688. Determine z(5).
-22
Let t(s) = -s**3 + s**2 + s - 40. What is t(0)?
-40
Let g(i) = 12*i + 10. What is g(-2)?
-14
Let f(j) = -j**3 + 9*j**2 - 12*j + 12. Give f(8).
-20
Let z(n) = 2*n**3 + n**2 - 3*n - 3. Determine z(-2).
-9
Let z(v) = 11*v - 84. Give z(7).
-7
Let m(q) = -q**2 - 22*q - 115. What is m(-11)?
6
Let t(r) = -r**2 - 11*r - 20. Determine t(-9).
-2
Let g(u) = -8*u**2 + 2. What is g(-2)?
-30
Let d(p) = p**3 - 37*p**2 + 36*p + 14. Give d(36).
14
Let p(i) = -i**3 - 2*i**2. Determine p(-4).
32
Let j(y) = y**2 + 26*y + 41. Calculate j(-25).
16
Let c(n) = n**2 - 8*n + 3. Give c(6).
-9
Let o(w) = -5*w**3. Calculate o(-1).
5
Let p(f) = 15*f + 62. Calculate p(-4).
2
Let h(r) = -r**2 + 12*r - 27. What is h(8)?
5
Let j(a) = a**2 + 4*a - 11. Determine j(-5).
-6
Let l(v) = 9*v + 3. Determine l(-4).
-33
Let s(m) = 3*m**2 + 18*m + 15. Give s(-5).
0
Let i(k) = 2*k + 4. What is i(-5)?
-6
Let b(i) = -i**3 + 7*i**2 - 9*i + 3. Calculate b(4).
15
Let l(i) = 5*i + 5. Give l(-4).
-15
Let o(h) = 19*h**2 + 4*h + 3. Calculate o(-2).
71
Let n(l) = -l**3 + 16*l**2 - 13*l - 52. Give n(15).
-22
Let x(q) = -222*q + 1109. Determine x(5).
-1
Let u(j) = 2*j**2 - 25*j + 8. Calculate u(13).
21
Let r(p) = 3*p**2 - 2*p. Give r(2).
8
Let u(r) = -12*r + 25. Calculate u(3).
-11
Let b(a) = 14*a + 59. What is b(-16)?
-165
Let r(a) = -7*a - 78. Give r(-12).
6
Let u(h) = -7*h + 20. Determine u(5).
-15
Let q(r) = -2*r**2 - 12*r - 10. Give q(-8).
-42
Let u(v) = -v**2 + 7*v + 22. What is u(12)?
-38
Let w(o) = -o**3 + 7*o**2. Determine w(7).
0
Let i(r) = r**3 - 8*r**2 + r - 1. Calculate i(8).
7
Let u(m) = 4*m**2 + 4*m + 2. What is u(-6)?
122
Let t(f) = -4*f + 20. Calculate t(6).
-4
Let j(b) = -b**3 - 3*b**2 - 2*b + 2. Calculate j(-2).
2
Let s(y) = -15*y - 8. Give s(-4).
52
Let f(z) = -z**3 - 15*z**2 + 56*z + 31. What is f(-18)?
-5
Let s(r) = -6*r - 8. Calculate s(-7).
34
Let f(t) = -3*t - 32. Calculate f(-11).
1
Let p(d) = -d**3 - 10*d**2 - 5*d + 30. Calculate p(-9).
-6
Let m(q) = 48*q + 140. Calculate m(-3).
-4
Let i(g) = -2*g - 7. What is i(-2)?
-3
Let k(a) = -2*a**2 - 19*a - 4. Give k(-11).
-37
Let d(y) = -y**2 + 3*y + 14. Determine d(7).
-14
Let x(t) = -2*t**2 - 6*t + 14. Give x(4).
-42
Let x(l) = l**3 + 7*l**2 + 2*l - 9. Determine x(-6).
15
Let k(v) = -2*v**2 - 18*v - 9. What is k(-7)?
19
Let d(k) = k**2 - 6*k - 3. Give 